*2 + 2*h - 3. Let a be m(3). Let u = a - 25. What are the prime factors of u?
2, 7
Suppose -1152 = -0*g - 4*g + 4*n, 5*g + 2*n - 1454 = 0. List the prime factors of g.
2, 5, 29
Let m(z) be the second derivative of z**4/12 - z**3/6 - 3*z**2/2 + 8*z. Let x = -2 + 0. What are the prime factors of m(x)?
3
Let u = -33 - -19. Let c = u + 17. What are the prime factors of (16/c)/((-2)/(-6))?
2
Let r be ((-50)/(-4))/(1/2). Let t(z) = -5*z + 1. Let b be t(1). Let i = r + b. What are the prime factors of i?
3, 7
Let w(q) = -126*q**2 - 2*q + 1. Let n be 3/(-15) - (-12)/10. Let m be w(n). Let i = -67 - m. List the prime factors of i.
2, 3, 5
Suppose 57*q - 58*q = 6. List the prime factors of 187/34 + q/(-4).
7
Let t = -6 - -9. Let x = 60 + -57. What are the prime factors of x + (2 - t) + 62?
2
Let j = -1157 + 3396. What are the prime factors of j?
2239
Let z = 992 - -616. Suppose -18*a + z = -10*a. What are the prime factors of a?
3, 67
Let b = 652 - 47. What are the prime factors of b?
5, 11
Let x = 6265 + -3592. What are the prime factors of x?
3, 11
Suppose -335 = -4*x - 3*z, 5*x - z + 3*z - 417 = 0. Suppose x*l - 815 = 78*l. What are the prime factors of l?
163
Let z = 14 + -21. Let n(f) = 7 - 6*f + 2*f + 2. What are the prime factors of n(z)?
37
Suppose -2*c - 2 = 0, -3*s + c - 21 = -4. Let u(f) = -32*f - 36. What are the prime factors of u(s)?
2, 3, 13
Let u be (-6)/(-4) - (-145)/10. Suppose -t + 4*r = 2 - u, -5*t - 5*r = 5. List the prime factors of 9/((-6 + t)/(-4)).
3
Let h(z) = 5*z**2 + 4*z + 2. Let q be h(4). List the prime factors of q/5 - (-4)/10.
2, 5
What are the prime factors of (-6)/(-4 - (-16650)/4165)?
3, 7, 17
Suppose -9*z + 788 = 59. List the prime factors of z + (-1 + 5 - 4).
3
Suppose h - 4*z = -0*z + 127, -h + 132 = -5*z. List the prime factors of h.
107
Let m(h) = h**2. Let t be m(0). Suppose -4*l + 5*u + 155 = t, 2*u - 205 = -5*l - 3*u. List the prime factors of l.
2, 5
List the prime factors of (-3)/(((-12)/(-8))/((-1626)/12)).
271
Suppose -3*o = 2*o + 5*i - 1560, -4*i - 302 = -o. Let c = 219 - o. Let d = -22 - c. List the prime factors of d.
3, 23
Suppose -4*o - 475 = o. Let g = o + 156. List the prime factors of g.
61
Let z = -691 + 1273. What are the prime factors of z?
2, 3, 97
Let s(m) = m**3 + 3*m**2 - 2*m. Let b(k) = -k**2 + k. Let v(q) = 4*b(q) + s(q). Let o be -6*(-4)/36 - (-14)/6. List the prime factors of v(o).
2, 3
Suppose 64 = 2*b - 128. Suppose 0 = -w - 5*w + b. Suppose -w*o + 12*o = -256. List the prime factors of o.
2
Let i = -8 + 6. Let n(v) = -2 - 6*v**2 - 20*v**2 + 28*v**2. What are the prime factors of n(i)?
2, 3
Suppose -5*o + 2*r + 142 = 0, -3*o + 2*r = -11 - 75. Let u be 6/4*o/21. Suppose 0 = u*d + 5*z - 21, 0*z - 120 = -5*d + z. What are the prime factors of d?
23
Suppose -11792 = 15*i - 102062. List the prime factors of i.
2, 3, 17, 59
Suppose 3*f + 0*f + 9 = 0. Let b(j) = -3*j - 4. Let p be b(f). Let g(r) = -r**3 + 6*r**2 + r - 4. What are the prime factors of g(p)?
2, 13
Suppose -3905 - 3196 = -27*t. List the prime factors of t.
263
Suppose i - 10 = 9. Suppose i = 2*s + 7. Suppose s*c = 3*c + 219. What are the prime factors of c?
73
Let p be 476/6 + (-18)/(-27). Suppose -k = -4*q + 61, -9*q + 4*q = -5*k - p. List the prime factors of q.
3, 5
Let p(a) = 16*a + 167. What are the prime factors of p(26)?
11, 53
Let b = 2934 + -1827. List the prime factors of b.
3, 41
Let u = 34 - 35. Let q(l) = -28*l**3 + l**2 + 2*l + 2. List the prime factors of q(u).
29
Suppose 4*p - 1 = -4*y + 35, 5*y - p = 39. Suppose i + i = -z + y, 0 = -i + 2. List the prime factors of -10*-5*z/8.
5
Let w be (-6 - -3) + 7 - -1. Suppose d + 340 = w*d. Suppose -n + d = 4*n. List the prime factors of n.
17
Suppose -36*x = -27*x - 10746. List the prime factors of x.
2, 3, 199
Let g(b) = 4*b**2 + 3*b - 1. Let z = 15 + -25. Let q = z - -7. What are the prime factors of g(q)?
2, 13
Let v(q) = 3*q**2 - 2*q + 2. Let x be v(1). Suppose -y + 4*y + 3*l = -15, -4*l + 22 = -x*y. What are the prime factors of 295/6 + y/36?
7
Let q = -168 + 169. List the prime factors of (-9)/(-36)*-4*(-209)/q.
11, 19
Let f = -24 + 16. Let b(y) = -y**3 - 8*y**2 - 10*y + 11. List the prime factors of b(f).
7, 13
Let a(i) = i**2 - 7*i + 4. Let l be a(7). Suppose 10 = l*t - 130. Suppose t = 3*p - 37. What are the prime factors of p?
2, 3
Suppose -4*h = 5*k - 12, -k = -2*k - 2*h + 6. Suppose -5*z - 2*m - 77 + 296 = k, -88 = -2*z - m. Suppose 0 = 7*r - 55 - z. What are the prime factors of r?
2, 7
Let y be (-12)/9*(3 - 441). Let u be (y/(-24))/(2/6). Let f = -51 - u. List the prime factors of f.
2, 11
Let r = 2 - 6. Let c(m) = m**3 + 3*m**2 - m + 3. Let a be c(r). List the prime factors of (-2)/a - (-158)/18.
3
Let d(c) = -5*c + 2. Let x(y) = 3 - 9 + 5 + 5*y. Let u(a) = -4*d(a) - 5*x(a). List the prime factors of u(-2).
7
Let y(f) = 5 + 1 - f**2 - 20*f + 5 + 1. What are the prime factors of y(-20)?
2, 3
Let b = -41 - -41. Suppose b*i = -2*i - 4*v + 258, -5*i - 5*v = -660. List the prime factors of i.
3, 5
Let l(m) be the first derivative of -3*m**2/2 + 46*m - 27. List the prime factors of l(0).
2, 23
Let j(u) = -6*u**2 + 9*u - 29. Let f(o) = -11*o**2 + 19*o - 58. Let w(l) = -4*f(l) + 7*j(l). List the prime factors of w(11).
2
Suppose -4*s - 2*w + 734 = 3*w, 179 = s - w. Suppose -s - 134 = -5*f. What are the prime factors of f?
3, 7
Let y = -50 - -52. List the prime factors of (-4)/(-3)*(-1 - (-167)/y).
2, 5, 11
Let k(i) = i**2 - i + 2. Let q(m) = -3*m**3 + 2*m**2 - 9*m + 11. Let u(o) = -4*k(o) + q(o). What are the prime factors of u(-3)?
3
Suppose -4*z + 734 = 6*c - 3*c, 4*c - 972 = -4*z. List the prime factors of c.
2, 7, 17
List the prime factors of (-18)/48 + 13710/80.
3, 19
Suppose 0 = 72*r - 78*r + 18. Suppose l + l = 4. Suppose -220 = -r*v - l*v. List the prime factors of v.
2, 11
Suppose -70 = -6*k + 20. List the prime factors of 21/(3/k + 12/15).
3, 7
Let i(y) = -3*y + 3. Let j be i(0). Suppose 0 = b + 2*n - 227, j*b + 3*n = -2*b + 1128. What are the prime factors of b?
3, 5
What are the prime factors of 177/2 - 15/30?
2, 11
Suppose 0 = t - 4*o - 5, -t - 20 + 7 = 5*o. Let k be 8/24 - 257/t. Suppose -22*c = -24*c + k. List the prime factors of c.
43
Let j = 1541 - 814. Suppose 350 = 3*o - 3*m - 193, j = 4*o - m. What are the prime factors of o?
2, 7, 13
Let a = 3 + 2. Suppose f + 7 = a. What are the prime factors of -5 - -42 - (f - 2)?
41
Let r(h) = -h**3 + 3*h**2 + 3*h + 3. Let x be r(5). What are the prime factors of (-189)/(-4) + 8/x?
47
Let l(f) = 2*f + 37. What are the prime factors of l(18)?
73
Let c(p) = -47*p**2 - 2*p + 1. Let a be c(-2). Let m = -113 - a. List the prime factors of m.
2, 5, 7
List the prime factors of 555*5*(-105)/(-125).
3, 7, 37
Let f(y) = y**3 - y**2 + 1. Let i be f(2). Suppose t + 9*a - 4*a - 22 = 0, -i*a - 22 = -t. Let w = -16 + t. What are the prime factors of w?
2, 3
Suppose -5*x + 374 = p, -7*x + 2*p + 77 = -6*x. What are the prime factors of x?
3, 5
Let n = 0 + -11. Let q = n - -42. List the prime factors of q.
31
Suppose m - 12 = -2*p, -2*m = m + p - 21. Suppose -2*v - 75 = v. Let s = m - v. List the prime factors of s.
31
Suppose -o - 3*u + 4*u = -78, -2*u + 259 = 3*o. What are the prime factors of o - (-12)/((-4)/(-1))?
2, 43
Let u(j) = 296*j - 373. List the prime factors of u(13).
5, 139
Let y = 98 - 12. What are the prime factors of y/6 - (-4)/6?
3, 5
Let l be 2 + (-2)/(-6)*3. Suppose -k + l*k = 40. Suppose -k = 2*w - 68. What are the prime factors of w?
2, 3
Let k = 106 + -73. Let i = -58 + 38. Let d = k + i. What are the prime factors of d?
13
Let z(s) = 214*s - 200. List the prime factors of z(8).
2, 3, 7
Suppose 25*y - 2121 = -2*v + 22*y, -2*v + 2*y + 2126 = 0. What are the prime factors of v?
2, 3, 59
Suppose 1679*w - 1671*w = 29320. What are the prime factors of w?
5, 733
Let d = 70 - 72. List the prime factors of 130 - 0*2/(-8)*d.
2, 5, 13
Let c(t) = -5*t - 1. Let x(u) = 14*u + 3. Let y(i) = 17*c(i) + 6*x(i). Let z be y(-9). Suppose -30 = -z*n + 7*n. List the prime factors of n.
2, 5
Suppose 3*w - 2220 = 7*w. What are the prime factors of w/(-8) + 12/(-32)?
3, 23
Let h = 6 - -586. List the prime factors of h.
2, 37
Let z(w) be the third derivative of w**6/120 + w**5/5 + w**4/12 + w**3 - 21*w**2. List the prime fac